at is z(26)?
14
Let f(r) = 5*r**2 + 5*r. Calculate f(1).
10
Let l(p) = p**3 + 17*p**2 + 22*p + 41. Give l(-16).
-55
Let t(r) = -r**3 - 23*r**2 + 3*r + 77. Give t(-23).
8
Let q(u) = -2*u - 7. What is q(6)?
-19
Let x(l) = -l**3 - 13*l**2 - 14*l - 4. Determine x(-12).
20
Let l(g) = -g**2 - 10*g + 2. Calculate l(-11).
-9
Let z(a) = -a**3 - 13*a**2 + 12*a + 4. What is z(-14)?
32
Let g(h) = 11*h - 134. Calculate g(13).
9
Let p(j) = -j**2 + j + 2. Determine p(-3).
-10
Let h(q) = -q**2 + 7*q + 24. What is h(10)?
-6
Let t(q) = -4*q + 4. Calculate t(-4).
20
Let b(m) = m**2 - 18*m - 79. Give b(21).
-16
Let i(p) = p + 16. Determine i(6).
22
Let o(u) = u - 36. Determine o(33).
-3
Let i(m) = 11*m + 306. Determine i(-28).
-2
Let w(z) = 5*z - 7. Give w(-7).
-42
Let z(b) = b**2 + 8*b. Determine z(-9).
9
Let q(m) = m**2 + 2*m. Give q(-3).
3
Let y(k) = -6*k - 18. Calculate y(8).
-66
Let r(x) = x - 8. Determine r(0).
-8
Let p(u) = u + 25. What is p(-16)?
9
Let x(g) = -g**3 - 3*g**2 - g - 3. Calculate x(-2).
-5
Let x(g) = 41*g + 433. Calculate x(-11).
-18
Let b(f) = 7*f - 29. What is b(16)?
83
Let f(c) = c**3 + 8*c**2 + 6*c - 13. Give f(-7).
-6
Let b(t) = 2*t + 34. Give b(-13).
8
Let r(u) = u**3 - 4*u**2 + 4*u - 38. What is r(5)?
7
Let o(l) = 2*l**3 + 9*l**2 - l - 6. Calculate o(-5).
-26
Let b(p) = -48*p - 2. Give b(1).
-50
Let o(x) = x - 10. What is o(5)?
-5
Let l(c) = -c**3 - 9*c**2 + c + 7. Calculate l(-9).
-2
Let g(m) = -m**3 - 11*m**2 + 13*m - 6. Give g(-12).
-18
Let j(f) = -f**3 - 3*f**2 + 21*f + 95. What is j(-4)?
27
Let m(l) = l**3 + 2*l**2 - 4*l - 5. Determine m(-4).
-21
Let l(k) = k**3 + 15*k**2 + 9*k - 72. Determine l(-14).
-2
Let b(y) = -9*y - 163. What is b(-17)?
-10
Let b(f) = -6*f**2 - 10*f - 11. What is b(-2)?
-15
Let c(w) = w**2 - 11*w + 8. Calculate c(12).
20
Let a(i) = 2*i**2 - 3*i - 5. What is a(5)?
30
Let i(b) = b**2 - 17*b + 11. What is i(12)?
-49
Let m(j) = 2*j - 7. Calculate m(12).
17
Let z(n) = 26*n - 12. Determine z(3).
66
Let o(u) = -2*u - 3. Calculate o(-10).
17
Let y(c) = c**2 + 12*c - 32. Calculate y(-14).
-4
Let s(f) = f**3 + 4*f**2 + 2*f + 3. Determine s(-4).
-5
Let s(p) = 5*p**2 + 39*p + 20. Determine s(-7).
-8
Let s(y) = 13*y - 33. Determine s(3).
6
Let d(o) = o**3 + 6*o**2 - 5*o + 8. What is d(-6)?
38
Let r(s) = -s**3 - s**2 - s - 19. Determine r(0).
-19
Let f(l) = -l**3 + 9*l**2 - 13*l - 12. Determine f(7).
-5
Let q(f) = 4*f**3 + f**2 + 3*f + 3. Calculate q(-2).
-31
Let b(s) = s**2 + s - 7. What is b(0)?
-7
Let l(j) = 31*j + 1. Calculate l(1).
32
Let u(b) = 2*b**3 - 2*b**2. Calculate u(4).
96
Let g(n) = -61*n**3 + 2*n**2 - 5*n + 4. Give g(1).
-60
Let u(j) = 2*j**2 + 5*j - 15. Determine u(-6).
27
Let b(a) = -a**3 + 11*a**2 - 21*a - 19. Determine b(8).
5
Let n(h) = -2*h**2 + 3*h + 2. Give n(2).
0
Let d(w) = -w**2 - w - 79. Determine d(0).
-79
Let t(a) = a**3 + 8*a**2 - 20*a + 1. Calculate t(-10).
1
Let t(q) = 2*q**2 - 4*q + 4. Determine t(3).
10
Let i(q) = -8*q + 34. Calculate i(5).
-6
Let i(q) = -q**3 - q**2 + 3*q + 6. Give i(-3).
15
Let o(g) = -11*g - 9. What is o(-7)?
68
Let t(x) = x**3 - 12*x**2 - x + 6. Calculate t(12).
-6
Let b(f) = f**3 + 2*f**2 - 5*f - 7. Calculate b(-5).
-57
Let p(n) = 2*n**2 + 10*n + 1. Determine p(-4).
-7
Let d(a) = -13*a**2 + 33*a - 9. Calculate d(2).
5
Let v(y) = y**3 - 13*y**2 + 24*y - 14. Calculate v(11).
8
Let h(p) = -p**2 - 5*p - 1. Determine h(-5).
-1
Let c(f) = -f - 1. Calculate c(5).
-6
Let q(a) = -a**2 - 44*a - 195. Give q(-5).
0
Let d(p) = p**3 + 2*p**2 + 2. Give d(-4).
-30
Let v(s) = s**2 - 12*s + 13. Give v(11).
2
Let y(a) = -a**2 + 11*a - 40. What is y(5)?
-10
Let g(z) = z**3 - 8*z**2 + 4*z + 7. What is g(9)?
124
Let i(v) = -v**2 - 13*v - 17. Determine i(-11).
5
Let p(k) = -13*k**2 + 3*k - 1. Determine p(1).
-11
Let y(r) = r. Give y(-3).
-3
Let s(f) = f**2 + 9*f + 18. Give s(-8).
10
Let x(p) = p**2 - 6*p + 3. Give x(8).
19
Let h(r) = r**2 + 6*r - 8. Calculate h(-7).
-1
Let i(c) = -c**3 - 53*c**2 - 60*c - 415. Determine i(-52).
1
Let w(n) = -4*n**2 - 2. Determine w(-2).
-18
Let s(v) = v - 7. Give s(-6).
-13
Let v(x) = 11*x + 60. Calculate v(-6).
-6
Let n(i) = i**3 - 14*i**2 - i - 2. Calculate n(14).
-16
Let h(l) = l**3 - 9*l**2 + 5*l + 17. Determine h(6).
-61
Let a(g) = -4*g - 29. Give a(-9).
7
Let x(r) = r**3 - 10*r**2 + r + 8. Determine x(10).
18
Let m(i) = 2*i + 50. Give m(-21).
8
Let q(l) = -l**2 - 2*l - 20. Give q(0).
-20
Let n(m) = -m**2 + 28*m + 8. Determine n(23).
123
Let m(w) = 3*w**3 + 15*w**2 + 9*w - 1. Give m(-4).
11
Let n(i) = 5*i - 12. Determine n(-6).
-42
Let p(k) = -9*k - 51. Calculate p(-7).
12
Let u(r) = r**3 + 8*r**2 - r - 5. What is u(-8)?
3
Let p(l) = 2*l**2 + 7*l - 5. What is p(-5)?
10
Let a(x) = x - 5. Give a(12).
7
Let q(i) = -2*i**2 + 16*i + 2. Determine q(8).
2
Let d(h) = h**2 + 29*h + 194. Determine d(-11).
-4
Let r(z) = -z**2 + 12*z - 25. Determine r(8).
7
Let d(j) = -j**3 - 7*j**2 + 16*j. Determine d(-9).
18
Let h(a) = 4*a**2 - 3*a + 5. What is h(2)?
15
Let h(u) = -8*u + 45. Give h(6).
-3
Let v(x) = 2*x**3 + 13*x**2 + x - 5. What is v(-6)?
25
Let d(i) = i**3 + 6*i**2 + 6*i + 5. Determine d(-5).
0
Let j(u) = -4*u**2 - 4*u - 4. Determine j(4).
-84
Let m(i) = 3*i**2 + 4*i + 4. What is m(-4)?
36
Let c(k) = -k**2 - 26*k - 109. Give c(-22).
-21
Let n(w) = w**2 + 12*w + 14. Calculate n(-12).
14
Let q(n) = -5*n + 6. Calculate q(0).
6
Let u(a) = -2*a**3 + 11*a**2 - 22*a + 9. Determine u(2).
-7
Let p(q) = -3*q - 5. Give p(0).
-5
Let p(x) = -35*x**2 - 2*x + 1. Calculate p(1).
-36
Let p(y) = -6*y + 67. Determine p(10).
7
Let t(p) = -p**2 + 13*p + 21. Give t(16).
-27
Let k(z) = -3*z**3 - 15*z**2 + 20*z + 16. Calculate k(-6).
4
Let r(o) = 13*o**3 + 1. Determine r(-1).
-12
Let u(k) = 2*k**2 + 14*k + 29. Give u(-13).
185
Let t(l) = -3*l**3 + 8*l**2 - 10*l + 2. Calculate t(1).
-3
Let x(m) = 5*m**2 + 10*m - 10. Determine x(1).
5
Let f(p) = 2*p + 22. Calculate f(-15).
-8
Let l(v) = 99*v - 297. What is l(3)?
0
Let a(r) = 7*r + 38. What is a(-8)?
-18
Let v(x) = -x**3 - 3*x**2 + 6. Calculate v(-3).
6
Let f(w) = -w**2 + 10*w - 11. Determine f(9).
-2
Let x(i) = i**2 + i + 41. Determine x(0).
41
Let z(j) = -9*j + 9. Determine z(2).
-9
Let l(n) = 6*n**2 - 72*n - 1. Calculate l(12).
-1
Let r(d) = -25*d + 270. Calculate r(11).
-5
Let t(o) = 2*o**2 + o - 2. Determine t(3).
19
Let n(x) = -x**3 - 8*x**2 + 2*x + 17. Give n(-8).
1
Let l(y) = -y**3 + 17*y**2 + 35*y + 42. Determine l(19).
-15
Let h(g) = 10*g - 56. Determine h(5).
-6
Let q(t) = 63*t + 363. Determine q(-6).
-15
Let v(b) = -b**3 + 5*b**2 - 6*b - 1. Give v(4).
-9
Let m(x) = x**2 + 7*x - 47. Calculate m(-11).
-3
Let q(a) = a**3 + 8*a**2 + 3*a + 7. Determine q(-7).
35
Let x(p) = 2*p**3 - 15*p**2 - 6*p - 10. Determine x(8).
6
Let r(c) = -c**3 - 6*c**2 - 6*c - 2. What is r(-2)?
-6
Let u(z) = -12*z - 402. What is u(-34)?
6
Let c(a) = a**3 - 9*a**2 + 11*a - 28. Give c(8).
-4
Let y(o) = -8*o + 231. Give y(28).
7
Let z(r) = 4*r - 9. Determine z(3).
3
Let b(j) = 3*j + 49. Calculate b(-19).
-8
Let l(v) = -v**3 + 11*v**2 - 17*v + 76. Calculate l(10).
6
Let q(w) = -w**3 + 6*w**2 - 5*w + 3. Determine q(5).
3
Let g(z) = -z**3 + 6*z**2 - 2*z - 2. Determine g(6).
-14
Let l(c) = c**2 + 6*c - 5. Give l(-5).
-10
Let o(m) = 7*m + 11. Determine o(10).
81
Let p(h) = -h**3 + 28*h**2 - 29*h + 51. Calculate p(27).
-3
Let s(p) = -p**2 + 19*p + 23. What is s(20)?
3
Let i(m) = m**2 - 19*m + 66. What is i(5)?
-4
Let o(j) = 2*j**2 + 3*j - 11. Calculate o(2).
3
Let f(j) = 14*j - 98. Give f(4).
-42
Let z(b) = -b**3 - 5*b**2 + b. Calculate z(-4).
-20
Let y(z) = z**2 + 19*z - 1. Calculate y(-20).
19
Let s(r) = r**2 - r. Calculate s(-3).
12
Let p(g) = g**2 - 8*g + 3. Give p(9).
12
Let g(r) = 4*r**2 - 5*r + 5. Determine g(4).
49
Let w(d) = 5*d + 85. What is w(-17)?
0
Let p(j) = -2*j**2 - 72*j - 80. Calculate p(-35).
-10
Let f(r) = -r**2 + 38*r - 22. Calculate f(37).
15
Let n(f) = -9*f - 37. What is n(-7)?
26
Let f(z) = -2*z**2 - 10*z + 3. Calculate f(-9).
-69
Let r(o) = 5*o - 37. Determine r(7).
-2
Let h(g) = 3*g + 13. Calculate h(-15).
-32
Let p(y) = -y**2 - 7*y + 6. What is p(-8)?
-2
Let v(h) = -h**3 - 4*h**2 - 3*h + 2. Calculate v(-3).
2
Let s(h) = h**3 + 7*h**2 + 7*h + 8. Determine s(-6).
2
Let k(b) = b**3 + 30*b**2 - 32*b - 963. What is k(-30)?
-3
Let c(s) = 